t is w(h)?
17
Let f = 270 + -265. Let a(h) = -2*h**2 + 2*h + 6. Determine a(f).
-34
Let p be (-4 - -2) + 3 + -13. Let u = p + 18. Let d(n) = -2*n + 0*n**3 + n - 6*n**2 + n**3 - u - 5*n. What is d(7)?
1
Let g(x) = 7*x**2 - x**2 - 35 - x**3 + 35 - 6*x. Suppose -2*b = 2*f - 4*b - 18, -3*b = -4*f + 32. Suppose -5*i + f*a + 0 - 5 = 0, 2*i + 4*a - 28 = 0. Give g(i).
8
Let s(b) be the first derivative of b**3/3 + 5*b**2/2 + b + 545. Let c be (-2)/5 + 52/(-20). Calculate s(c).
-5
Let t(x) = -3*x + 9. Let l be 47/6 + 27/162. What is t(l)?
-15
Let c(o) = -4*o - 57*o**3 + 8 + 29*o**3 + 6*o**2 - 2 + 27*o**3. Calculate c(6).
-18
Let a(k) = -3*k + 6. Let n(c) = c - 1. Let d be n(1). Suppose -3*p + 2*j = -10, j - 4 = -p - 2*p. Let s be (p + d)/((-5)/(-10)). What is a(s)?
-6
Let q(x) = 2*x**2 + 9*x + 3. Let a = 2122 - 2128. What is q(a)?
21
Let d(n) = -n**3 - 2*n**2 + 2*n + 3. Let m(r) = -r - 2. Suppose 0*k = -k + 4. Suppose -5*g - 5 = 5*h, 3*h = k*g - 2*g - 3. Let p be m(g). What is d(p)?
-1
Let r(i) = -i**2 + 18*i - 51. Let l be r(14). Suppose 0 = u - l*m + 23, 3*u - m + 17 = m. Let g(y) = y**2 + 3. What is g(u)?
12
Suppose 2*w = -3*w + 30. Let y(i) be the third derivative of -i**5/60 + i**4/4 - i**3/3 - 3*i**2 - 169*i. Calculate y(w).
-2
Let x(a) = 12*a**3 - a - 1. Let c(q) = 2*q + 13. Let p be (54/45)/((-1)/5). Let u be c(p). Suppose -g + u = -2*g. What is x(g)?
-12
Let g(q) be the second derivative of q**3/3 + 9*q**2/2 - 3*q + 22. Give g(-8).
-7
Let i = 7 + -4. Suppose 0 = -i*h + 2 + 4. Let k(p) = -3*p - p**h + 4 + 0 - 6. What is k(-4)?
-6
Let u(k) = -k**3 - 4*k**2 - 2*k - 5. Let d be -1*(-2)/4*-6. Let o be 0/(1*(-2 - d)). Suppose -3*n = -3*v - 2*v - 13, o = -n - v - 9. Determine u(n).
3
Let t(a) = -41*a - 1. Let i = -536 - -537. Determine t(i).
-42
Let c(v) = -v**2 - 12*v + 79. Let t be c(-17). Let u(w) = -w**2 - 7*w - 10. What is u(t)?
-4
Let j(r) = 359*r - 361*r - 4*r**2 + 0*r**2 - r**3 + 5*r**2. What is j(-2)?
16
Let a = 42 - 44. Let k(b) = -2*b**2 - 6*b - 7. Let d be k(a). Let n(l) = 2*l**2 + l + 3. Give n(d).
18
Let c be (0 + -5)/(4/(-12)*-3). Let r(y) = -y**2 - 4*y - 1. What is r(c)?
-6
Let v(s) = -s + 1. Suppose 3*f - 7*f - 8 = 0, 2*f - 736 = -4*p. Let u be 4/(-10) + 444/p. Calculate v(u).
-1
Let q = 69 - 68. Let j(f) = -2 + f + f + 4 - q. Give j(5).
11
Suppose -5*c = -4*s + 20, 2*c + 4 = 4*s - 4. Let w(q) = -9 + 12 - q + 2*q + s*q. Give w(0).
3
Let b = 12 + -10. Suppose 3*n + 0*n + 5 = w, -3*w + 4 = b*n. Let h(x) = x**3 - 2*x**2 - x + 1. Let k be h(w). Let t(a) = 6*a**2 + a. Calculate t(k).
5
Let w(u) = 3*u**3 + 4*u**2 + u - 4. Let v(o) = -2*o**3 - o**2 - 9*o - 2. Let j be v(0). Give w(j).
-14
Let v(j) be the second derivative of -j**5/20 + 5*j**4/12 + 5*j**3/6 + 5*j**2/2 + 2*j + 10. Give v(6).
-1
Let g be 0 + -2 + 5 - (-2 - 2). Suppose g*o + 4 = 8*o. Let h(u) = u**2 - 3*u + 5. Determine h(o).
9
Let a(x) = 11*x**2 + 3*x - 3. Let g = -3 + 1. Let h(o) = o**2 - 1 + 3*o + 4*o**2 - 2*o. Let l(s) = g*a(s) + 5*h(s). Determine l(2).
11
Let k = 368 + -368. Let w(y) = y**2 + 26. What is w(k)?
26
Let k(v) = v + 7. Let i(p) = 2*p - 5*p + 8 + 4*p. Let x(a) = -4*i(a) + 5*k(a). Give x(-4).
-1
Let h(b) = -b. Let u be h(-3). Let s = 3 + u. Let v(o) = -o**3 + 7*o**2 + 9 + 8*o + o - 2*o - 15*o. What is v(s)?
-3
Suppose -4*l + 33 = -l. Let m(g) = -6*g + 0*g**2 + 7*g**2 + 5*g**2 - l*g**2. Calculate m(4).
-8
Let q = 422 - 426. Let r(s) = -4*s - 2. Give r(q).
14
Let m(r) = -8*r - 6*r**3 + 8*r**3 - r**3 - 2*r**2 - 2764 + 2767. Give m(4).
3
Suppose 0 = -3*m + 4*j + 5 - 22, 0 = -5*m - 5*j + 30. Let n(h) be the second derivative of -5*h**4/4 + h**2/2 - 7*h + 149. What is n(m)?
-14
Let s(i) = -i**3 - 5*i**2 - 4*i + 2. Let d be s(-4). Let x be -2 + -4*1/d. Let p be (-1 - x)*(-12 + 11). Let o(w) = -w**3 - 2*w**2 + w - 3. Determine o(p).
3
Let c = 1 - -6. Let z = -4 + c. Let r(a) = 0 + 2*a**2 + 2*a**2 + 3 - 1 - a**z. Determine r(3).
11
Let x(n) = -2*n + 21. Suppose 4 = 2*t - 12. Let h be x(t). Let o(u) = -u**2 + 5*u - 4. Give o(h).
-4
Suppose -u + 3*t + 17 = 0, 2*t + 59 = -5*u + 195. Let z = -44 + u. Let c = 17 + z. Let w(s) = 5*s**3 - s**2 + 1. Calculate w(c).
-5
Suppose 14*o + 5*o - 6612 = 0. Let m(a) = 0*a**2 - o + 344 + 7*a - a**2 - 2*a. Calculate m(5).
-4
Let n(m) = 114 + 131 - 246 - 9*m. Let r(p) = -p. Let k be r(-3). Let f be (2/k)/(1/(-3)). What is n(f)?
17
Let b(i) be the third derivative of -1/120*i**6 + 1/12*i**4 + 0 + 0*i - 1/10*i**5 - 8*i**2 + 4/3*i**3. Give b(-6).
-4
Let g(a) be the second derivative of a**3/2 + 5*a**2/2 + 17*a. Let w(n) = n**3 - 2*n**2 + n - 2. Let d be w(2). Suppose d + 5 = -o. Give g(o).
-10
Let n(q) = -5*q - 4. Let o(f) = -4*f**2 + 7*f - 1. Suppose -m = -4*g + 18, -3*m - 5*g + 35 = 2*m. Let j be o(m). Determine n(j).
11
Let w(q) be the first derivative of 4*q**3/3 + q**2 - q - 4. Give w(1).
5
Let a(v) = -v**2 - v - 4. Let o(q) = -q**2 - q - 4. Let f = -32 + 38. Let m(w) = f*a(w) - 5*o(w). Give m(3).
-16
Let i(n) be the third derivative of -n**4/24 + 7*n**3/6 - n**2. Suppose l = 2*v - 7, 9*v - 10 = 13*v - 10*l. What is i(v)?
2
Suppose 17*h - 16*h + 2*v - 6 = 0, -3*h - v + 13 = 0. Let m(f) = -10*f + 10. Determine m(h).
-30
Let u(k) = 5*k - 1 + 2*k + 4*k. Let b(i) = -15*i**3 + i**2. Let t be b(1). Let l be t/(-12) + 3/(-18). Give u(l).
10
Let w(u) = -6*u + 5. Let o be w(1). Suppose 5*y - 15 = -0*y. Let d(s) = y*s - 1 - 14*s**3 - 3*s. Calculate d(o).
13
Let s(t) = t**3 - 2*t**2 + 5. Let o(n) = -1. Let y(p) = -6*o(p) - s(p). What is y(3)?
-8
Let h(k) = 3*k + 50. Let v be h(9). Let d = v - 80. Let m(z) = 3*z + 1. Give m(d).
-8
Let o(d) be the third derivative of -d**7/5040 - 13*d**6/720 + 3*d**5/10 + 8*d**2. Let i(z) be the third derivative of o(z). Give i(-6).
-7
Let g(v) = v - 4. Let r be (-7)/(1/9*-3). Let l = -15 + r. What is g(l)?
2
Let q(t) = -t**2 - 11*t - 5. Let y be q(-9). Suppose o - 29 = 5*f, -5*o + 11 + 14 = 5*f. Let d = y - o. Let k(b) = -b**3 + 5*b**2 - 2*b. Calculate k(d).
8
Let t(z) = z**3 - 11*z**2 + 11*z - 7. Let i(g) be the first derivative of g**4/2 - 23*g**3/3 + 23*g**2/2 - 15*g - 15. Let p(w) = 4*i(w) - 9*t(w). Give p(6).
-3
Let h = 1005 + -1003. Let v(d) = d**3 + d**2 + 2*d - 2. Calculate v(h).
14
Let g(w) = -31*w**3 + 2*w**2 + 18*w - 1. Let x(s) = 29*s**3 - 2*s**2 - 15*s + 1. Let h(i) = 5*g(i) + 6*x(i). What is h(1)?
18
Let y(g) = -g**3 - 5*g**2 + 6*g - 8. Let z = 27 - 24. Suppose -3*h = 3*j + 21, z*j + j - 26 = 5*h. Calculate y(h).
-8
Let b(g) = -g**2 + 4*g - 1. Let d(p) = p**2 - 15*p + 10. Let x(i) = -2*b(i) - d(i). Calculate x(-6).
-14
Suppose 0 = 2*z + 3*f + 5, -2*z - 3*f + 19 = -8*f. Let o(p) be the first derivative of -p**4/4 + p**3/3 - 2*p - 31. Give o(z).
-6
Let m(f) = 4*f - 12. Let g be m(2). Let j be 88/9 + (-22)/(-99). Let h(i) = 8*i**3 + 3*i**2 + 3*i**3 - 2 - j*i**3 - 3*i. What is h(g)?
-6
Let g(s) be the third derivative of s**4/3 + s**3/6 - s**2. Let u(z) = z**3 - 5*z**2 + z - 4. Let a be u(5). Determine g(a).
9
Suppose -1 = -14*m + 41. Suppose -m*k = -2*d - 14, 5 = -d - 0*k + k. Let l(x) be the second derivative of -5*x**3/6 + x. Determine l(d).
5
Let a(x) = x**3 + 6*x**2 - 7*x + 3. Let n = 76 + -56. Suppose -y = n - 13. Give a(y).
3
Suppose -58 + 54 = f. Let z(y) = y**3 - 3*y**2 - y - 3. Let m(w) = -2*w**3 + 2*w**2 + 4. Let v(n) = 2*m(n) + 3*z(n). Determine v(f).
-5
Let c(x) = -x**2 + 7*x. Let w(o) = -2*o + 13. Let d be w(9). Let u be 1 - (-5)/(d/4). Let z = 7 + u. Determine c(z).
12
Let m(f) = -6*f**3 - 7*f**2 + 11*f + 11. Let d(p) = -7*p**3 - 7*p**2 + 11*p + 14. Let k(j) = -5*d(j) + 6*m(j). Give k(-8).
-28
Let a(i) be the first derivative of 2*i**4 + 2*i - 210. Determine a(-2).
-62
Let i(h) = -16*h - 9*h + 0*h + 3*h**2 + 1 + 3*h. Let w be i(7). Let y(u) = u + 8. Give y(w).
2
Let z(d) be the first derivative of -d**2/2 + 8*d + 3. Let k be z(9). Let f(q) = -7*q**2 - 1. Calculate f(k).
-8
Let k(h) be the second derivative of h**4/12 - 4*h**3/3 + 4*h**2 - 3*h - 13. What is k(6)?
-4
Let z(f) = -f + 1. Let a = -37 + 34. Let j(r) = 2*r. Let p(o) = a*z(o) - 2*j(o). What is p(-5)?
2
Suppose 281*g - 39 = 284*g. Let i(z) = z**2 + 12*z - 13. What is i(g)?
0
Suppose 11*n - 40 = 3*n. Suppose 0 = -4*g + u + 12, -2*g - 14 = g + n*u. Let m(o) = o**2 - 2. Determine m(g).
2
Let g = 0 + 1. Let m(k) = 4 - 2 + 19*k - 29*k 